2790
Calculate the highest common divisor of 70812 and 7101.
9
Calculate the greatest common divisor of 2376 and 289773.
99
Calculate the highest common factor of 17184 and 236638.
358
Calculate the highest common factor of 33 and 10315173.
33
What is the highest common divisor of 1915869 and 1212?
303
Calculate the greatest common divisor of 569065 and 31635205.
8015
What is the greatest common factor of 101120 and 193392?
1264
Calculate the greatest common divisor of 196801 and 4741.
11
What is the greatest common divisor of 16 and 968872?
8
Calculate the greatest common factor of 5 and 35295450.
5
What is the highest common divisor of 676 and 3231124?
52
Calculate the greatest common factor of 19611228 and 4914.
546
Calculate the greatest common factor of 136320 and 1508992.
128
What is the highest common divisor of 22697642 and 2542?
62
Calculate the greatest common divisor of 151 and 585659993.
151
Calculate the greatest common divisor of 5 and 173581735.
5
What is the greatest common divisor of 38280924 and 46332?
3564
Calculate the highest common factor of 132 and 34871196.
12
What is the greatest common divisor of 3609 and 207826671?
1203
What is the greatest common factor of 10071560 and 2680?
40
Calculate the highest common factor of 1345395 and 5505.
15
Calculate the greatest common factor of 720 and 20552784.
48
What is the highest common divisor of 58386 and 8955939?
789
Calculate the highest common divisor of 275 and 1213012075.
275
What is the highest common divisor of 54690828 and 69957?
7773
What is the highest common divisor of 8761512 and 636?
12
Calculate the greatest common factor of 142560 and 5240.
40
Calculate the highest common factor of 1417 and 68779.
109
Calculate the greatest common divisor of 74438 and 1651.
13
Calculate the highest common divisor of 271553857 and 167.
167
What is the greatest common divisor of 188044021 and 4301?
4301
Calculate the highest common divisor of 195 and 5675670.
195
Calculate the greatest common factor of 40716 and 112622718.
2262
What is the highest common divisor of 578749640 and 280?
280
What is the highest common divisor of 6487236 and 42?
42
What is the highest common factor of 1952 and 37432?
8
What is the greatest common factor of 61611 and 925023?
33
What is the greatest common factor of 3773252 and 4802?
14
Calculate the greatest common divisor of 7506 and 5126477904.
7506
What is the highest common factor of 53944 and 7810?
22
Calculate the greatest common divisor of 329790 and 472200.
30
Calculate the greatest common divisor of 161352 and 405000.
648
Calculate the highest common divisor of 530689 and 124.
31
Calculate the greatest common divisor of 66320 and 10520.
40
Calculate the highest common divisor of 92248589 and 267.
89
Calculate the highest common divisor of 2470 and 718120.
130
Calculate the greatest common divisor of 1387261252 and 21324.
7108
What is the highest common factor of 8527986 and 36?
18
What is the highest common factor of 1728 and 123268176?
432
Calculate the highest common divisor of 703332432 and 1584.
1584
What is the greatest common divisor of 18709 and 3731253?
53
What is the highest common factor of 28 and 52730468?
28
What is the highest common divisor of 66050 and 11110?
10
What is the greatest common factor of 10710 and 20405?
35
What is the highest common factor of 3344583 and 15136?
473
Calculate the highest common factor of 24569 and 1422.
79
What is the highest common divisor of 10912 and 80168?
88
Calculate the highest common factor of 2755838 and 403.
31
Calculate the greatest common divisor of 5364 and 1130463.
1341
What is the greatest common factor of 711 and 2148879?
237
Calculate the greatest common divisor of 36990 and 855702.
2466
Calculate the highest common factor of 36803 and 207706.
149
What is the greatest common divisor of 2003540469 and 49?
49
What is the highest common divisor of 149660 and 19882331?
7483
What is the greatest common factor of 128160 and 117598815?
4005
Calculate the greatest common factor of 260357286 and 882.
294
What is the highest common divisor of 147971891 and 2413?
127
Calculate the highest common divisor of 96672 and 58848.
96
Calculate the highest common factor of 15778 and 35558782.
322
What is the highest common divisor of 14366 and 54788659?
653
What is the highest common factor of 64641816 and 2360?
472
Calculate the highest common factor of 5080 and 371364510.
1270
What is the highest common factor of 1137521 and 53669?
1309
Calculate the highest common divisor of 138270 and 102.
6
What is the highest common divisor of 69 and 1174288?
23
Calculate the highest common divisor of 5830800 and 1800.
600
What is the highest common factor of 34738944 and 21?
3
Calculate the highest common divisor of 75 and 32305425.
75
Calculate the highest common divisor of 17628 and 22595706.
678
Calculate the highest common divisor of 769294256 and 8.
8
Calculate the greatest common factor of 149206 and 261722.
2446
What is the greatest common factor of 72708830 and 36071?
5153
Calculate the highest common divisor of 960 and 55948800.
960
Calculate the highest common factor of 337090 and 180.
10
Calculate the greatest common divisor of 13155937 and 110171.
3799
Calculate the highest common factor of 217232205 and 255.
255
What is the highest common divisor of 5261654 and 1449359?
6869
What is the highest common factor of 119069723 and 8026?
4013
What is the highest common divisor of 7433471 and 51?
17
Calculate the greatest common factor of 1846725 and 135.
15
Calculate the greatest common factor of 28409256 and 15302.
2186
Calculate the greatest common divisor of 1707 and 47594005.
569
Calculate the greatest common factor of 8835135 and 1503.
501
What is the highest common divisor of 10350 and 6455686?
46
Calculate the highest common divisor of 1851 and 18078717.
1851
What is the highest common divisor of 7627522 and 14?
14
What is the greatest common factor of 74 and 214432?
2
Calculate the highest common divisor of 713 and 2582463.
23
What is the highest common divisor of 284371 and 1592?
199
Calculate the greatest common divisor of 948 and 4241036.
316
What is the greatest common factor of 235851 and 3696?
231
Calculate the greatest common divisor of 84 and 8227996.
28
Calculate the highest common divisor of 285254 and 24125.
193
Calculate the greatest common divisor of 13947193 and 32629.
487
Calculate the greatest common divisor of 30158492 and 754.
754
What is the greatest common factor of 19488 and 15571808?
224
Calculate the highest common divisor of 1842 and 14699774.
614
What is the highest common divisor of 46896790 and 25040?
3130
Calculate the greatest common divisor of 92 and 115231196.
92
Calculate the greatest common divisor of 1708 and 64996964.
244
What is the greatest common factor of 28 and 5291678?
14
What is the greatest common divisor of 7436 and 2923219?
13
Calculate the greatest common divisor of 46604 and 6128044.
764
What is the greatest common factor of 2979 and 506?
1
Calculate the highest common divisor of 111092 and 1912.
4
What is the greatest common factor of 73866632 and 12376?
952
What is the greatest common divisor of 380 and 26122340?
380
What is the greatest common factor of 114 and 1331558?
38
Calculate the greatest common divisor of 3912823310 and 110.
110
What is the highest common factor of 39116 and 12628?
308
Calculate the highest common factor of 392238 and 219758.
154
What is the highest common divisor of 37584 and 25947216?
1296
Calculate the greatest common factor of 20849121 and 1055.
211
What is the greatest common divisor of 4809850 and 3800?
950
Calculate the greatest common divisor of 53 and 26789327.
53
What is the greatest common factor of 3702390 and 150?
30
Calculate the greatest common factor of 95 and 338231540.
95
What is the greatest common factor of 771 and 83011257?
771
What is the highest common divisor of 9600 and 2688800?
800
What is the highest common factor of 189 and 331863?
21
What is the highest common factor of 504080 and 10480?
80
Calculate the greatest common factor of 17905221 and 657.
657
What is the highest common divisor of 33425584 and 11472?
3824
What is the highest common factor of 2384544 and 3196384?
1888
Calculate the great